{"id":731,"date":"2025-06-07T10:50:08","date_gmt":"2025-06-07T10:50:08","guid":{"rendered":"https:\/\/websitedesigninahmedabd.in\/trekkingenindeold\/?page_id=731"},"modified":"2025-06-07T10:50:08","modified_gmt":"2025-06-07T10:50:08","slug":"trekking-uttarakhand-itineraire","status":"publish","type":"page","link":"https:\/\/trekkingeninde.com\/newsite\/trekking-uttarakhand-itineraire\/","title":{"rendered":"Trekking Uttarakhand : Itin\u00e9raires et Aventures en Himalaya"},"content":{"rendered":"\n<div class=\"wp-block-columns is-layout-flex wp-container-core-columns-is-layout-9d6595d7 wp-block-columns-is-layout-flex\">\n<div class=\"wp-block-column is-layout-flow wp-block-column-is-layout-flow\">\n<p>De l&#8217;ascension de cols de haute montagne aux randonn\u00e9es de plusieurs jours vers les lacs de montagne, l&#8217;Uttarakhand offre une multitude d&#8217;options pour des aventures de trekking. S&#8217;\u00e9tendant sur plus de 300 kilom\u00e8tres, cette cha\u00eene de montagnes abrite de nombreux sommets, dont certains sont parmi les plus hauts du monde. Les sentiers menant \u00e0 ces sommets font de l&#8217;Uttarakhand l&#8217;une des meilleures destinations de trekking au monde.<\/p>\n\n\n\n<p>Le trekking est l&#8217;une des activit\u00e9s de plein air les plus pris\u00e9es et l&#8217;une des plus populaires. Si la r\u00e9gion de Garhwal, en Uttarakhand, offre des randonn\u00e9es parmi les plus passionnantes, le Kumaon est la destination de trekking la plus pris\u00e9e de l&#8217;Uttarakhand. Vous voyagerez de village en village, traverserez rivi\u00e8res, for\u00eats et prairies et gravirez les collines des vall\u00e9es himalayennes.<\/p>\n\n\n\n<p>L&#8217;Uttarakhand offre des randonn\u00e9es allant de 3&nbsp;000 \u00e0 plus de 7&nbsp;500 m\u00e8tres d&#8217;altitude, ce qui le rend adapt\u00e9 aux randonneurs d\u00e9butants comme exp\u00e9riment\u00e9s. Des collines verdoyantes aux montagnes aux sommets enneig\u00e9s, des randonn\u00e9es religieuses aux ascensions aventureuses, des treks de quelques jours \u00e0 une semaine, et des treks hivernaux aux treks estivaux, l&#8217;Uttarakhand propose des randonn\u00e9es parfaitement adapt\u00e9es \u00e0 vos besoins.<\/p>\n\n\n\n<p><em><strong>Randonn\u00e9e \u00e0 Uttarakhand Himalaya<\/strong><\/em> est une exp\u00e9rience merveilleuse qui vous lib\u00e8re du stress du monde et vous donne l&#8217;\u00e9nergie n\u00e9cessaire pour vivre votre vie ambitieuse.<\/p>\n<\/div>\n\n\n\n<div class=\"wp-block-column is-layout-flow wp-block-column-is-layout-flow\"><\/div>\n<\/div>\n\n\n\n<div class=\"wp-block-cover\"><span aria-hidden=\"true\" class=\"wp-block-cover__background has-black-background-color has-background-dim\"><\/span><img decoding=\"async\" class=\"wp-block-cover__image-background wp-image-269\" alt=\"brahmtal-4769518_1280 Trekking Uttarakhand\" src=\"https:\/\/websitedesigninahmedabd.in\/trekkingenindeold\/wp-content\/uploads\/2025\/05\/brahmtal-4769518_1280-Uttarakhand.jpg\" data-object-fit=\"cover\"\/><div class=\"wp-block-cover__inner-container is-layout-constrained wp-block-cover-is-layout-constrained\">\n<p class=\"has-text-align-center has-large-font-size\"><\/p>\n\n\n\n<div class=\"wp-block-columns is-layout-flex wp-container-core-columns-is-layout-9d6595d7 wp-block-columns-is-layout-flex\">\n<div class=\"wp-block-column is-layout-flow wp-block-column-is-layout-flow\">\n<div class=\"wp-block-outermost-icon-block items-justified-center\"><div class=\"icon-container has-icon-color has-white-color\" style=\"color:#ffffff;width:48px;transform:rotate(0deg) scaleX(1) scaleY(1)\"><svg viewBox=\"0 0 24 24\" xmlns=\"http:\/\/www.w3.org\/2000\/svg\" fill=\"#000000\"><g id=\"SVGRepo_bgCarrier\" stroke-width=\"0\"><\/g><g id=\"SVGRepo_tracerCarrier\" stroke-linecap=\"round\" stroke-linejoin=\"round\"><\/g><g id=\"SVGRepo_iconCarrier\"><path d=\"M20 23.003L19.497 23C12.59 22.958 1 22.514 1 20c0-1.09 1.756-1.416 4.187-1.866 1.193-.22 3.677-.682 3.814-1.138-.116-.368-2.117-.889-4.523-.997L4 15.979V15l1 .026c2.06.128 5 .56 5 1.974 0 1.259-2.146 1.656-4.632 2.117-1.18.219-3.153.584-3.382.94.309.97 8.324 1.887 17.515 1.943H20zM9 5.133C9 7.412 6.814 10.5 5 14c-1.814-3.5-4-6.587-4-8.868A4.04 4.04 0 0 1 5 1a4.04 4.04 0 0 1 4 4.132zm-3.435 5.752C6.817 8.66 8 6.562 8 5.132A3.035 3.035 0 0 0 5 2a3.035 3.035 0 0 0-3 3.132c0 1.43 1.183 3.53 2.435 5.753.186.332.376.668.565 1.01.19-.342.379-.678.565-1.01zM7 5a2 2 0 1 1-2-2 2 2 0 0 1 2 2zM6 5a1 1 0 1 0-1 1 1 1 0 0 0 1-1zm17 7.132c0 2.281-2.186 5.368-4 8.868-1.814-3.5-4-6.587-4-8.868a4.002 4.002 0 1 1 8 0zm-3.435 5.753C20.817 15.66 22 13.562 22 12.132a3.003 3.003 0 1 0-6 0c0 1.43 1.183 3.53 2.435 5.753.186.332.376.668.565 1.01.19-.342.379-.678.565-1.01zM21 12a2 2 0 1 1-2-2 2 2 0 0 1 2 2zm-1 0a1 1 0 1 0-1 1 1 1 0 0 0 1-1z\"><\/path><path fill=\"none\" d=\"M0 0h24v24H0z\"><\/path><\/g><\/svg><\/div><\/div>\n\n\n\n<p class=\"has-text-align-center has-white-color has-text-color has-link-color wp-elements-8b86bbafd01bd522d7d251be6f74f383\">Choisissez parmi<br><strong>7 Programmes<\/strong><\/p>\n<\/div>\n\n\n\n<div class=\"wp-block-column is-layout-flow wp-block-column-is-layout-flow\">\n<div class=\"wp-block-outermost-icon-block items-justified-center\"><div class=\"icon-container has-icon-color has-white-color\" style=\"color:#ffffff;width:48px;transform:rotate(0deg) scaleX(1) scaleY(1)\"><svg fill=\"#000000\" height=\"200px\" width=\"200px\" version=\"1.1\" xmlns=\"http:\/\/www.w3.org\/2000\/svg\" viewBox=\"0 0 512 512\" xmlns-xlink=\"http:\/\/www.w3.org\/1999\/xlink\" enable-background=\"new 0 0 512 512\"><g id=\"SVGRepo_bgCarrier\" stroke-width=\"0\"><\/g><g id=\"SVGRepo_tracerCarrier\" stroke-linecap=\"round\" stroke-linejoin=\"round\"><\/g><g id=\"SVGRepo_iconCarrier\"><g><g><path d=\"m45.2,390.7c10.8-9.9 25.8-9.9 36.5,0 26.2,24.1 65.7,24.1 91.8,0 10.8-9.9 25.8-9.9 36.5,0 13.1,12 29.5,18.1 45.9,18.1 16.4,0 32.8-6 45.9-18.1 10.8-9.9 25.8-9.9 36.5,0 26.1,24.1 65.6,24.1 91.8,0 10.7-9.9 25.7-9.9 36.5,0 8.3,7.6 21.2,7.1 28.9-1.2 7.6-8.3 7.1-21.2-1.2-28.9-6.7-6.2-14.2-10.7-22.2-13.7l-90.4-321c-2.6-9.2-11-15.3-20.8-14.8-9.6,0.5-17.4,7.6-19,17.1l-31,188.7-25.5-51.9c-3.4-7-10.5-11.4-18.3-11.4-7.8,0-14.9,4.4-18.3,11.4l-24.8,50.2c-10.6-62-23.5-123.9-38.4-184.8-2.2-8.8-9.8-15.1-18.9-15.5-8.8-0.3-17.3,5.2-20.2,13.7l-41.5,119.6-65.1,198.7c-8,3-15.6,7.6-22.3,13.8-8.3,7.6-8.8,20.5-1.2,28.8 7.6,8.3 20.5,8.8 28.8,1.2zm98.5-229.5l18.1-52.2 31.9,175.9c1.7,11.2 12.1,18.8 23.2,17.2 7.3-1.1 13.2-6 15.8-12.4l34.4-69.5 34.9,70.8c2.6,6.3 8.3,11.2 15.5,12.3 11.2,1.8 21.6-5.7 23.5-16.8l26.4-161 62,219.9c-9.7,2.9-18.8,8-26.8,15.3-10.7,9.9-25.8,9.9-36.5,0-26.2-24.1-65.7-24.1-91.8,0-10.7,9.9-25.8,9.9-36.5,0-26.2-24.1-65.7-24.1-91.8,0-10.7,9.9-25.8,9.9-36.5,0-7.8-7.2-16.7-12.2-26.1-15.1l60.3-184.4z\"><\/path><path d=\"m402.6,452.8c-10.7,9.9-25.8,9.9-36.5,0-26.2-24.1-65.7-24.1-91.8,0-10.7,9.9-25.8,9.9-36.5,0-26.2-24.1-65.7-24.1-91.8,0-10.7,9.9-25.8,9.9-36.5,0-26.2-24.1-65.6-24.1-91.8,0-8.3,7.6-8.8,20.5-1.2,28.8 7.6,8.3 20.5,8.8 28.8,1.2 10.8-9.9 25.8-9.9 36.5,0 26.2,24.1 65.7,24.1 91.8,0 10.8-9.9 25.8-9.9 36.5,0 13.1,12 29.5,18.1 45.9,18.1 16.4,0 32.8-6 45.9-18.1 10.8-9.9 25.8-9.9 36.5,0 26.1,24.1 65.6,24.1 91.8,0 10.7-9.9 25.7-9.9 36.5,0 8.3,7.6 21.2,7.1 28.9-1.2 7.6-8.3 7.1-21.2-1.2-28.8-26.2-24.1-65.6-24.1-91.8,0z\"><\/path><\/g><\/g><\/g><\/svg><\/div><\/div>\n\n\n\n<p class=\"has-text-align-center has-white-color has-text-color has-link-color wp-elements-494d613b95cc6ee90ef009b8d4377d52\">Point culminant<br><strong>4 800 m<\/strong><\/p>\n<\/div>\n\n\n\n<div class=\"wp-block-column is-layout-flow wp-block-column-is-layout-flow\">\n<div class=\"wp-block-outermost-icon-block items-justified-center\"><div class=\"icon-container has-icon-color has-white-color\" style=\"color:#ffffff;width:48px;transform:rotate(0deg) scaleX(1) scaleY(1)\"><svg fill=\"#ffffff\" version=\"1.1\" id=\"Capa_1\" xmlns=\"http:\/\/www.w3.org\/2000\/svg\" xmlns-xlink=\"http:\/\/www.w3.org\/1999\/xlink\" viewBox=\"0 0 610.398 610.398\" xml:space=\"preserve\" stroke=\"#ffffff\"><g id=\"SVGRepo_bgCarrier\" stroke-width=\"0\"><\/g><g id=\"SVGRepo_tracerCarrier\" stroke-linecap=\"round\" stroke-linejoin=\"round\"><\/g><g id=\"SVGRepo_iconCarrier\"><g><g><path d=\"M159.567,0h-15.329c-1.956,0-3.811,0.411-5.608,0.995c-8.979,2.912-15.616,12.498-15.616,23.997v10.552v27.009v14.052 c0,2.611,0.435,5.078,1.066,7.44c2.702,10.146,10.653,17.552,20.158,17.552h15.329c11.724,0,21.224-11.188,21.224-24.992V62.553 V35.544V24.992C180.791,11.188,171.291,0,159.567,0z\"><\/path><path d=\"M461.288,0h-15.329c-11.724,0-21.224,11.188-21.224,24.992v10.552v27.009v14.052c0,13.804,9.5,24.992,21.224,24.992 h15.329c11.724,0,21.224-11.188,21.224-24.992V62.553V35.544V24.992C482.507,11.188,473.007,0,461.288,0z\"><\/path><path d=\"M539.586,62.553h-37.954v14.052c0,24.327-18.102,44.117-40.349,44.117h-15.329c-22.247,0-40.349-19.79-40.349-44.117 V62.553H199.916v14.052c0,24.327-18.102,44.117-40.349,44.117h-15.329c-22.248,0-40.349-19.79-40.349-44.117V62.553H70.818 c-21.066,0-38.15,16.017-38.15,35.764v476.318c0,19.784,17.083,35.764,38.15,35.764h468.763c21.085,0,38.149-15.984,38.149-35.764 V98.322C577.735,78.575,560.671,62.553,539.586,62.553z M527.757,557.9l-446.502-0.172V173.717h446.502V557.9z\"><\/path><path d=\"M353.017,266.258h117.428c10.193,0,18.437-10.179,18.437-22.759s-8.248-22.759-18.437-22.759H353.017 c-10.193,0-18.437,10.179-18.437,22.759C334.58,256.074,342.823,266.258,353.017,266.258z\"><\/path><path d=\"M353.017,348.467h117.428c10.193,0,18.437-10.179,18.437-22.759c0-12.579-8.248-22.758-18.437-22.758H353.017 c-10.193,0-18.437,10.179-18.437,22.758C334.58,338.288,342.823,348.467,353.017,348.467z\"><\/path><path d=\"M353.017,430.676h117.428c10.193,0,18.437-10.18,18.437-22.759s-8.248-22.759-18.437-22.759H353.017 c-10.193,0-18.437,10.18-18.437,22.759S342.823,430.676,353.017,430.676z\"><\/path><path d=\"M353.017,512.89h117.428c10.193,0,18.437-10.18,18.437-22.759c0-12.58-8.248-22.759-18.437-22.759H353.017 c-10.193,0-18.437,10.179-18.437,22.759C334.58,502.71,342.823,512.89,353.017,512.89z\"><\/path><path d=\"M145.032,266.258H262.46c10.193,0,18.436-10.179,18.436-22.759s-8.248-22.759-18.436-22.759H145.032 c-10.194,0-18.437,10.179-18.437,22.759C126.596,256.074,134.838,266.258,145.032,266.258z\"><\/path><path d=\"M145.032,348.467H262.46c10.193,0,18.436-10.179,18.436-22.759c0-12.579-8.248-22.758-18.436-22.758H145.032 c-10.194,0-18.437,10.179-18.437,22.758C126.596,338.288,134.838,348.467,145.032,348.467z\"><\/path><path d=\"M145.032,430.676H262.46c10.193,0,18.436-10.18,18.436-22.759s-8.248-22.759-18.436-22.759H145.032 c-10.194,0-18.437,10.18-18.437,22.759S134.838,430.676,145.032,430.676z\"><\/path><path d=\"M145.032,512.89H262.46c10.193,0,18.436-10.18,18.436-22.759c0-12.58-8.248-22.759-18.436-22.759H145.032 c-10.194,0-18.437,10.179-18.437,22.759C126.596,502.71,134.838,512.89,145.032,512.89z\"><\/path><\/g><\/g><\/g><\/svg><\/div><\/div>\n\n\n\n<p class=\"has-text-align-center has-white-color has-text-color has-link-color wp-elements-ee33ff6491d8358dab32711a1fb5313f\">programme le plus long<br><strong>24 Jours<\/strong><\/p>\n<\/div>\n<\/div>\n<\/div><\/div>\n\n\n\n<div style=\"height:30px\" aria-hidden=\"true\" class=\"wp-block-spacer\"><\/div>\n\n\n\n<h2 class=\"wp-block-heading has-text-align-center\"><strong>PROGRAMME<\/strong><\/h2>\n\n\n\n\n\n<figure class=\"wp-block-gallery has-nested-images columns-default is-cropped wp-block-gallery-1 is-layout-flex wp-block-gallery-is-layout-flex\">\n<figure class=\"wp-block-image size-full\"><a href=\"https:\/\/websitedesigninahmedabd.in\/trekkingenindeold\/wp-content\/uploads\/2025\/05\/Yamunotri_temple_and_ashram.jpg\"><img fetchpriority=\"high\" decoding=\"async\" width=\"960\" height=\"720\" data-id=\"318\" src=\"https:\/\/websitedesigninahmedabd.in\/trekkingenindeold\/wp-content\/uploads\/2025\/05\/Yamunotri_temple_and_ashram.jpg\" alt=\"Yamunotri Uttarakhand - Trekking Uttarakhand\" class=\"wp-image-318\"\/><\/a><\/figure>\n\n\n\n<figure class=\"wp-block-image size-full\"><a href=\"https:\/\/websitedesigninahmedabd.in\/trekkingenindeold\/wp-content\/uploads\/2025\/05\/Uttarakhand_Dehradun_Valley_from_Landour_India_2010-Uttarakhand.jpg\"><img decoding=\"async\" width=\"960\" height=\"665\" data-id=\"317\" src=\"https:\/\/websitedesigninahmedabd.in\/trekkingenindeold\/wp-content\/uploads\/2025\/05\/Uttarakhand_Dehradun_Valley_from_Landour_India_2010-Uttarakhand.jpg\" alt=\"Uttarakhand_Dehradun_Valley_from_Landour_India_2010 - Trekking Uttarakhand\" class=\"wp-image-317\"\/><\/a><\/figure>\n\n\n\n<figure class=\"wp-block-image size-full\"><a href=\"https:\/\/websitedesigninahmedabd.in\/trekkingenindeold\/wp-content\/uploads\/2025\/05\/Thamri_kund_munsiyari_-_panoramio-Uttarakhand.jpg\"><img decoding=\"async\" width=\"960\" height=\"520\" data-id=\"316\" src=\"https:\/\/websitedesigninahmedabd.in\/trekkingenindeold\/wp-content\/uploads\/2025\/05\/Thamri_kund_munsiyari_-_panoramio-Uttarakhand.jpg\" alt=\"Munsiyari Thamri_kund,_munsiyari_-_panoramio - Trekking Uttarakhand\" class=\"wp-image-316\"\/><\/a><\/figure>\n\n\n\n<figure class=\"wp-block-image size-full\"><a href=\"https:\/\/websitedesigninahmedabd.in\/trekkingenindeold\/wp-content\/uploads\/2025\/05\/Mukteshwar_Temple-Uttarakhand.jpg\"><img loading=\"lazy\" decoding=\"async\" width=\"960\" height=\"720\" data-id=\"315\" src=\"https:\/\/websitedesigninahmedabd.in\/trekkingenindeold\/wp-content\/uploads\/2025\/05\/Mukteshwar_Temple-Uttarakhand.jpg\" alt=\"Mukteshwar_Temple - Trekking Uttarakhand\" class=\"wp-image-315\"\/><\/a><\/figure>\n\n\n\n<figure class=\"wp-block-image size-full\"><a href=\"https:\/\/websitedesigninahmedabd.in\/trekkingenindeold\/wp-content\/uploads\/2025\/05\/Kumaon-Uttarakhand.jpeg\"><img loading=\"lazy\" decoding=\"async\" width=\"960\" height=\"720\" data-id=\"314\" src=\"https:\/\/websitedesigninahmedabd.in\/trekkingenindeold\/wp-content\/uploads\/2025\/05\/Kumaon-Uttarakhand.jpeg\" alt=\"Kumaon - Trekking Uttarakhand\" class=\"wp-image-314\"\/><\/a><\/figure>\n\n\n\n<figure class=\"wp-block-image size-full\"><a href=\"https:\/\/websitedesigninahmedabd.in\/trekkingenindeold\/wp-content\/uploads\/2025\/05\/Dhanaulti-Uttarakhand.jpg\"><img loading=\"lazy\" decoding=\"async\" width=\"960\" height=\"720\" data-id=\"310\" src=\"https:\/\/websitedesigninahmedabd.in\/trekkingenindeold\/wp-content\/uploads\/2025\/05\/Dhanaulti-Uttarakhand.jpg\" alt=\"Dhanaulti - Trekking Uttarakhand\" class=\"wp-image-310\"\/><\/a><\/figure>\n\n\n\n<figure class=\"wp-block-image size-full\"><a href=\"https:\/\/websitedesigninahmedabd.in\/trekkingenindeold\/wp-content\/uploads\/2025\/05\/Binsar_Mahadev_temple_old_structure-Uttarakhand.jpg\"><img loading=\"lazy\" decoding=\"async\" width=\"960\" height=\"540\" data-id=\"308\" src=\"https:\/\/websitedesigninahmedabd.in\/trekkingenindeold\/wp-content\/uploads\/2025\/05\/Binsar_Mahadev_temple_old_structure-Uttarakhand.jpg\" alt=\"Binsar_Mahadev_temple_old_structure - Trekking Uttarakhand\" class=\"wp-image-308\"\/><\/a><figcaption class=\"wp-element-caption\">Jpeg<\/figcaption><\/figure>\n\n\n\n<figure class=\"wp-block-image size-large\"><a href=\"https:\/\/websitedesigninahmedabd.in\/trekkingenindeold\/wp-content\/uploads\/2025\/05\/Badrinath-vishnu-temple-2779856_1280-Uttarakhand.jpg\"><img decoding=\"async\" data-id=\"304\" src=\"https:\/\/websitedesigninahmedabd.in\/trekkingenindeold\/wp-content\/uploads\/2025\/05\/Badrinath-vishnu-temple-2779856_1280-Uttarakhand-1024x754.jpg\" alt=\"Badrinath vishnu-temple-2779856_1280 Voyage au Uttarakhand - Trekking Uttarakhand\" class=\"wp-image-304\"\/><\/a><\/figure>\n\n\n\n<figure class=\"wp-block-image size-full\"><a href=\"https:\/\/websitedesigninahmedabd.in\/trekkingenindeold\/wp-content\/uploads\/2025\/05\/Gangotri_temple_in_Uttarakhand.jpg\"><img loading=\"lazy\" decoding=\"async\" width=\"960\" height=\"720\" data-id=\"303\" src=\"https:\/\/websitedesigninahmedabd.in\/trekkingenindeold\/wp-content\/uploads\/2025\/05\/Gangotri_temple_in_Uttarakhand.jpg\" alt=\"Gangotri_temple_in_Uttarakhand - Trekking Uttarakhand\" class=\"wp-image-303\"\/><\/a><\/figure>\n\n\n\n<figure class=\"wp-block-image size-large\"><a href=\"https:\/\/websitedesigninahmedabd.in\/trekkingenindeold\/wp-content\/uploads\/2025\/05\/Almora-almora-2740024_1280-Uttarakhand.jpg\"><img decoding=\"async\" data-id=\"302\" src=\"https:\/\/websitedesigninahmedabd.in\/trekkingenindeold\/wp-content\/uploads\/2025\/05\/Almora-almora-2740024_1280-Uttarakhand-1024x546.jpg\" alt=\"Almora - almora-2740024_1280 Uttarakhand\" class=\"wp-image-302\"\/><\/a><\/figure>\n\n\n\n<figure class=\"wp-block-image size-large\"><a href=\"https:\/\/websitedesigninahmedabd.in\/trekkingenindeold\/wp-content\/uploads\/2025\/05\/Parc-national-Jim-Corbett-tiger-5185780_1280-Uttarakhand.jpg\"><img decoding=\"async\" data-id=\"301\" src=\"https:\/\/websitedesigninahmedabd.in\/trekkingenindeold\/wp-content\/uploads\/2025\/05\/Parc-national-Jim-Corbett-tiger-5185780_1280-Uttarakhand-1024x702.jpg\" alt=\"Parc national Jim Corbett - tiger-5185780_1280 Uttarakhand\" class=\"wp-image-301\"\/><\/a><figcaption class=\"wp-element-caption\">Image by rohan_aug1988 from Pixabay<\/figcaption><\/figure>\n\n\n\n<figure class=\"wp-block-image size-large\"><a href=\"https:\/\/websitedesigninahmedabd.in\/trekkingenindeold\/wp-content\/uploads\/2025\/05\/Nainital-india-2714556_1280-Uttarakhand.jpg\"><img decoding=\"async\" data-id=\"296\" src=\"https:\/\/websitedesigninahmedabd.in\/trekkingenindeold\/wp-content\/uploads\/2025\/05\/Nainital-india-2714556_1280-Uttarakhand-1024x577.jpg\" alt=\"Nainital - india-2714556_1280 Uttarakhand\" class=\"wp-image-296\"\/><\/a><\/figure>\n\n\n\n<figure class=\"wp-block-image size-large\"><a href=\"https:\/\/websitedesigninahmedabd.in\/trekkingenindeold\/wp-content\/uploads\/2025\/05\/Rishikesh-4785189_1280-Uttarakhand.jpg\"><img decoding=\"async\" data-id=\"290\" src=\"https:\/\/websitedesigninahmedabd.in\/trekkingenindeold\/wp-content\/uploads\/2025\/05\/Rishikesh-4785189_1280-Uttarakhand-1024x689.jpg\" alt=\"Rishikesh-4785189_1280 Uttarakhand\" class=\"wp-image-290\"\/><\/a><\/figure>\n\n\n\n<figure class=\"wp-block-image size-large\"><a href=\"https:\/\/websitedesigninahmedabd.in\/trekkingenindeold\/wp-content\/uploads\/2025\/05\/Haridwar-687346_1280-Uttarakhand.jpg\"><img decoding=\"async\" data-id=\"289\" src=\"https:\/\/websitedesigninahmedabd.in\/trekkingenindeold\/wp-content\/uploads\/2025\/05\/Haridwar-687346_1280-Uttarakhand-1024x682.jpg\" alt=\"Haridwar-687346_1280 Uttarakhand\" class=\"wp-image-289\"\/><\/a><\/figure>\n\n\n\n<figure class=\"wp-block-image size-large\"><a href=\"https:\/\/websitedesigninahmedabd.in\/trekkingenindeold\/wp-content\/uploads\/2025\/05\/Mussoorie-7243347_1280-Uttarakhand.jpg\"><img decoding=\"async\" data-id=\"288\" src=\"https:\/\/websitedesigninahmedabd.in\/trekkingenindeold\/wp-content\/uploads\/2025\/05\/Mussoorie-7243347_1280-Uttarakhand-1024x682.jpg\" alt=\"Mussoorie-7243347_1280 Uttarakhand\" class=\"wp-image-288\"\/><\/a><figcaption class=\"wp-element-caption\">D\u00e9couvrir Nubra au Ladakh \u2013 Vall\u00e9e, Monast\u00e8res &amp; Aventures<\/figcaption><\/figure>\n<\/figure>\n\n\n\n<p><br><strong>Lisez aussi :\u00a0<\/strong><a href=\"https:\/\/websitedesigninahmedabd.in\/trekkingenindeold\/letat-de-luttarakhand-ou-uttaranchal\/\">L\u2019\u00c9tat de l\u2019Uttarakhand ou Uttaranchal<\/a><\/p>\n","protected":false},"excerpt":{"rendered":"<p>De l&#8217;ascension de cols de haute montagne aux randonn\u00e9es de plusieurs jours vers les lacs de montagne, l&#8217;Uttarakhand offre une multitude d&#8217;options pour des aventures de trekking. S&#8217;\u00e9tendant sur plus de 300 kilom\u00e8tres, cette cha\u00eene de montagnes abrite de nombreux sommets, dont certains sont parmi les plus hauts du monde. Les sentiers menant \u00e0 ces [&hellip;]<\/p>\n","protected":false},"author":1,"featured_media":304,"parent":0,"menu_order":0,"comment_status":"closed","ping_status":"closed","template":"","meta":{"footnotes":""},"class_list":["post-731","page","type-page","status-publish","has-post-thumbnail","hentry"],"_links":{"self":[{"href":"https:\/\/trekkingeninde.com\/newsite\/wp-json\/wp\/v2\/pages\/731","targetHints":{"allow":["GET"]}}],"collection":[{"href":"https:\/\/trekkingeninde.com\/newsite\/wp-json\/wp\/v2\/pages"}],"about":[{"href":"https:\/\/trekkingeninde.com\/newsite\/wp-json\/wp\/v2\/types\/page"}],"author":[{"embeddable":true,"href":"https:\/\/trekkingeninde.com\/newsite\/wp-json\/wp\/v2\/users\/1"}],"replies":[{"embeddable":true,"href":"https:\/\/trekkingeninde.com\/newsite\/wp-json\/wp\/v2\/comments?post=731"}],"version-history":[{"count":0,"href":"https:\/\/trekkingeninde.com\/newsite\/wp-json\/wp\/v2\/pages\/731\/revisions"}],"wp:featuredmedia":[{"embeddable":true,"href":"https:\/\/trekkingeninde.com\/newsite\/wp-json\/wp\/v2\/media\/304"}],"wp:attachment":[{"href":"https:\/\/trekkingeninde.com\/newsite\/wp-json\/wp\/v2\/media?parent=731"}],"curies":[{"name":"wp","href":"https:\/\/api.w.org\/{rel}","templated":true}]}}