{"id":565,"date":"2025-05-27T17:58:37","date_gmt":"2025-05-27T17:58:37","guid":{"rendered":"https:\/\/websitedesigninahmedabd.in\/trekkingenindeold\/?page_id=565"},"modified":"2025-07-28T11:57:09","modified_gmt":"2025-07-28T11:57:09","slug":"trekking-au-ladakh","status":"publish","type":"page","link":"https:\/\/trekkingeninde.com\/newsite\/trekking-au-ladakh\/","title":{"rendered":"Trekking au Ladakh"},"content":{"rendered":"\n<div class=\"wp-block-columns is-layout-flex wp-container-core-columns-is-layout-9d6595d7 wp-block-columns-is-layout-flex\">\n<div class=\"wp-block-column is-layout-flow wp-block-column-is-layout-flow\">\n<p>Venez, vsiiter, explorer des aventures de trekking palpitantes au Ladakh, une r\u00e9gion riche qui offre des activit\u00e9 aventure, des monast\u00e8res de tapisserie, de grands royaumes de montagne et une flore et une faune exotiques de mani\u00e8re spectaculaire. Explorez nos itin\u00e9raires sur mesure qui vous m\u00e8neront \u00e0 de magnifiques merveilles de la nature et vous indiqueront des endroits int\u00e9ressants du Ladakh \u00e0 ne pas manquer. R\u00e9servez vos vacances de trekking et safari by le 4&#215;4, aventure au Ladakh aux meilleurs prix et services.<\/p>\n<\/div>\n\n\n\n<div class=\"wp-block-column is-layout-flow wp-block-column-is-layout-flow\"><\/div>\n<\/div>\n\n\n\n<div class=\"wp-block-cover\"><img fetchpriority=\"high\" decoding=\"async\" width=\"1620\" height=\"1080\" class=\"wp-block-cover__image-background wp-image-513\" alt=\"Leh Ladakh India People Culture - Voyage en Inde\" src=\"https:\/\/websitedesigninahmedabd.in\/trekkingenindeold\/wp-content\/uploads\/2025\/05\/leh-ladakh-india-people-culture-edited.jpg\" data-object-fit=\"cover\"\/><span aria-hidden=\"true\" class=\"wp-block-cover__background has-black-background-color has-background-dim\"><\/span><div class=\"wp-block-cover__inner-container is-layout-constrained wp-block-cover-is-layout-constrained\">\n<p class=\"has-text-align-center has-large-font-size\"><\/p>\n\n\n\n<div class=\"wp-block-columns is-layout-flex wp-container-core-columns-is-layout-9d6595d7 wp-block-columns-is-layout-flex\">\n<div class=\"wp-block-column is-layout-flow wp-block-column-is-layout-flow\"><div class=\"wp-block-image\">\n<figure class=\"aligncenter size-full is-resized\"><img decoding=\"async\" width=\"30\" height=\"30\" src=\"https:\/\/trekkingeninde.com\/newsite\/wp-content\/uploads\/2025\/07\/map-1.png\" alt=\"\" class=\"wp-image-6992\" style=\"width:48px;height:auto\"\/><\/figure>\n<\/div>\n\n\n<p class=\"has-text-align-center has-white-color has-text-color has-link-color wp-elements-e001282ffd6fbf42236557e3c87fcbb3\">Choisissez parmi<br><strong>14 Programmes<\/strong><\/p>\n<\/div>\n\n\n\n<div class=\"wp-block-column is-layout-flow wp-block-column-is-layout-flow\"><div class=\"wp-block-image\">\n<figure class=\"aligncenter size-full is-resized\"><img decoding=\"async\" width=\"640\" height=\"640\" src=\"https:\/\/trekkingeninde.com\/newsite\/wp-content\/uploads\/2025\/07\/mountain-1.png\" alt=\"\" class=\"wp-image-6991\" style=\"width:48px\" srcset=\"https:\/\/trekkingeninde.com\/newsite\/wp-content\/uploads\/2025\/07\/mountain-1.png 640w, https:\/\/trekkingeninde.com\/newsite\/wp-content\/uploads\/2025\/07\/mountain-1-300x300.png 300w, https:\/\/trekkingeninde.com\/newsite\/wp-content\/uploads\/2025\/07\/mountain-1-150x150.png 150w, https:\/\/trekkingeninde.com\/newsite\/wp-content\/uploads\/2025\/07\/mountain-1-552x552.png 552w\" sizes=\"(max-width: 640px) 100vw, 640px\" \/><\/figure>\n<\/div>\n\n\n<p class=\"has-text-align-center has-white-color has-text-color has-link-color wp-elements-c860e6750d3177345575ea9cf24c434c\">Point culminant<br><strong>5 300 m<\/strong><\/p>\n<\/div>\n\n\n\n<div class=\"wp-block-column is-layout-flow wp-block-column-is-layout-flow\"><div class=\"wp-block-image\">\n<figure class=\"aligncenter size-full is-resized\"><img loading=\"lazy\" decoding=\"async\" width=\"762\" height=\"762\" src=\"https:\/\/trekkingeninde.com\/newsite\/wp-content\/uploads\/2025\/07\/calendar-1.png\" alt=\"\" class=\"wp-image-6990\" style=\"width:48px\" srcset=\"https:\/\/trekkingeninde.com\/newsite\/wp-content\/uploads\/2025\/07\/calendar-1.png 762w, https:\/\/trekkingeninde.com\/newsite\/wp-content\/uploads\/2025\/07\/calendar-1-300x300.png 300w, https:\/\/trekkingeninde.com\/newsite\/wp-content\/uploads\/2025\/07\/calendar-1-150x150.png 150w, https:\/\/trekkingeninde.com\/newsite\/wp-content\/uploads\/2025\/07\/calendar-1-552x552.png 552w\" sizes=\"(max-width: 762px) 100vw, 762px\" \/><\/figure>\n<\/div>\n\n\n<p class=\"has-text-align-center has-white-color has-text-color has-link-color wp-elements-9624caca16108d27dafa8049f7c29dae\">programme le plus long<br><strong>23 Jours<\/strong><\/p>\n<\/div>\n<\/div>\n<\/div><\/div>\n\n\n\n<div style=\"height:30px\" aria-hidden=\"true\" class=\"wp-block-spacer\"><\/div>\n\n\n\n<h2 class=\"wp-block-heading has-text-align-center\"><strong>PROGRAMME<\/strong><\/h2>\n\n\n\n\n\n<figure class=\"wp-block-gallery has-nested-images columns-default is-cropped wp-block-gallery-1 is-layout-flex wp-block-gallery-is-layout-flex\">\n<figure class=\"wp-block-image size-large\"><a href=\"https:\/\/websitedesigninahmedabd.in\/trekkingenindeold\/wp-content\/uploads\/2025\/03\/Spiti6.jpg\"><img decoding=\"async\" data-id=\"477\" src=\"https:\/\/websitedesigninahmedabd.in\/trekkingenindeold\/wp-content\/uploads\/2025\/03\/Spiti6-1024x647.jpg\" alt=\"Ladakh - Voyage en Inde\" class=\"wp-image-477\"\/><\/a><\/figure>\n\n\n\n<figure class=\"wp-block-image size-large\"><a href=\"https:\/\/websitedesigninahmedabd.in\/trekkingenindeold\/wp-content\/uploads\/2025\/05\/leh-ladakh-india-people-culture-edited.jpg\"><img decoding=\"async\" data-id=\"513\" src=\"https:\/\/websitedesigninahmedabd.in\/trekkingenindeold\/wp-content\/uploads\/2025\/05\/leh-ladakh-india-people-culture-edited-1024x683.jpg\" alt=\"Leh Ladakh India People Culture - Voyage en Inde\" class=\"wp-image-513\"\/><\/a><\/figure>\n\n\n\n<figure class=\"wp-block-image size-large\"><a href=\"https:\/\/websitedesigninahmedabd.in\/trekkingenindeold\/wp-content\/uploads\/2025\/05\/Leh-Summer2-edited.jpg\"><img loading=\"lazy\" decoding=\"async\" width=\"1024\" height=\"683\" data-id=\"515\" src=\"https:\/\/websitedesigninahmedabd.in\/trekkingenindeold\/wp-content\/uploads\/2025\/05\/Leh-Summer2-edited.jpg\" alt=\"Habitants de Leh Ladakh Inde - Voyage en Inde\" class=\"wp-image-515\"\/><\/a><\/figure>\n\n\n\n<figure class=\"wp-block-image size-large\"><a href=\"https:\/\/websitedesigninahmedabd.in\/trekkingenindeold\/wp-content\/uploads\/2025\/05\/5LADAKH.jpg\"><img decoding=\"async\" data-id=\"545\" src=\"https:\/\/websitedesigninahmedabd.in\/trekkingenindeold\/wp-content\/uploads\/2025\/05\/5LADAKH-1024x683.jpg\" alt=\"Voyage au Ladakh - Voyage en Inde\" class=\"wp-image-545\"\/><\/a><\/figure>\n\n\n\n<figure class=\"wp-block-image size-large\"><a href=\"https:\/\/websitedesigninahmedabd.in\/trekkingenindeold\/wp-content\/uploads\/2025\/03\/Ladakh33.jpg\"><img loading=\"lazy\" decoding=\"async\" width=\"1024\" height=\"616\" data-id=\"474\" src=\"https:\/\/websitedesigninahmedabd.in\/trekkingenindeold\/wp-content\/uploads\/2025\/03\/Ladakh33.jpg\" alt=\"Trekking au Ladakh - Voyage en Inde\" class=\"wp-image-474\"\/><\/a><\/figure>\n\n\n\n<figure class=\"wp-block-image size-large\"><a href=\"https:\/\/websitedesigninahmedabd.in\/trekkingenindeold\/wp-content\/uploads\/2025\/03\/15Leh.jpg\"><img decoding=\"async\" data-id=\"473\" src=\"https:\/\/websitedesigninahmedabd.in\/trekkingenindeold\/wp-content\/uploads\/2025\/03\/15Leh-1024x768.jpg\" alt=\"Trekking au Ladakh - Voyage en Inde\" class=\"wp-image-473\"\/><\/a><\/figure>\n\n\n\n<figure class=\"wp-block-image size-large\"><a href=\"https:\/\/websitedesigninahmedabd.in\/trekkingenindeold\/wp-content\/uploads\/2025\/03\/Nubra1.jpg\"><img loading=\"lazy\" decoding=\"async\" width=\"600\" height=\"600\" data-id=\"467\" src=\"https:\/\/websitedesigninahmedabd.in\/trekkingenindeold\/wp-content\/uploads\/2025\/03\/Nubra1.jpg\" alt=\"La vall\u00e9e de Nubra au Ladakh en Inde du Nord - Voyage en Inde\" class=\"wp-image-467\"\/><\/a><figcaption class=\"wp-element-caption\">La vall\u00e9e de Nubra au Ladakh en Inde du Nord <\/figcaption><\/figure>\n\n\n\n<figure class=\"wp-block-image size-large\"><a href=\"https:\/\/websitedesigninahmedabd.in\/trekkingenindeold\/wp-content\/uploads\/2025\/03\/Nubra5.jpg\"><img loading=\"lazy\" decoding=\"async\" width=\"650\" height=\"433\" data-id=\"468\" src=\"https:\/\/websitedesigninahmedabd.in\/trekkingenindeold\/wp-content\/uploads\/2025\/03\/Nubra5.jpg\" alt=\"Trekking au Ladakh - Voyage en Inde\" class=\"wp-image-468\"\/><\/a><\/figure>\n\n\n\n<figure class=\"wp-block-image size-large\"><a href=\"https:\/\/websitedesigninahmedabd.in\/trekkingenindeold\/wp-content\/uploads\/2025\/03\/Ladakh1.jpg\"><img loading=\"lazy\" decoding=\"async\" width=\"800\" height=\"533\" data-id=\"469\" src=\"https:\/\/websitedesigninahmedabd.in\/trekkingenindeold\/wp-content\/uploads\/2025\/03\/Ladakh1.jpg\" alt=\"Trekking au Ladakh - Voyage en Inde\" class=\"wp-image-469\"\/><\/a><\/figure>\n\n\n\n<figure class=\"wp-block-image size-large\"><a href=\"https:\/\/websitedesigninahmedabd.in\/trekkingenindeold\/wp-content\/uploads\/2025\/03\/Ladakh2.jpg\"><img loading=\"lazy\" decoding=\"async\" width=\"800\" height=\"533\" data-id=\"470\" src=\"https:\/\/websitedesigninahmedabd.in\/trekkingenindeold\/wp-content\/uploads\/2025\/03\/Ladakh2.jpg\" alt=\"Trekking au Ladakh - Voyage en Inde\" class=\"wp-image-470\"\/><\/a><\/figure>\n\n\n\n<figure class=\"wp-block-image size-large\"><a href=\"https:\/\/websitedesigninahmedabd.in\/trekkingenindeold\/wp-content\/uploads\/2025\/03\/9LADAKH.jpg\"><img decoding=\"async\" data-id=\"466\" src=\"https:\/\/websitedesigninahmedabd.in\/trekkingenindeold\/wp-content\/uploads\/2025\/03\/9LADAKH-1024x683.jpg\" alt=\"Trekking au Ladakh - Voyage en Inde\" class=\"wp-image-466\"\/><\/a><\/figure>\n\n\n\n<figure class=\"wp-block-image size-large\"><a href=\"https:\/\/websitedesigninahmedabd.in\/trekkingenindeold\/wp-content\/uploads\/2025\/03\/0Ladakh.jpg\"><img decoding=\"async\" data-id=\"441\" src=\"https:\/\/websitedesigninahmedabd.in\/trekkingenindeold\/wp-content\/uploads\/2025\/03\/0Ladakh-1024x683.jpg\" alt=\"Trekking au Ladakh - Voyage en Inde\" class=\"wp-image-441\"\/><\/a><\/figure>\n\n\n\n<figure class=\"wp-block-image size-large\"><a href=\"https:\/\/websitedesigninahmedabd.in\/trekkingenindeold\/wp-content\/uploads\/2025\/03\/Tsomoriri2.jpg\"><img loading=\"lazy\" decoding=\"async\" width=\"879\" height=\"576\" data-id=\"439\" src=\"https:\/\/websitedesigninahmedabd.in\/trekkingenindeold\/wp-content\/uploads\/2025\/03\/Tsomoriri2.jpg\" alt=\"Trekking au Ladakh - Voyage en Inde\" class=\"wp-image-439\"\/><\/a><\/figure>\n\n\n\n<figure class=\"wp-block-image size-large\"><a href=\"https:\/\/websitedesigninahmedabd.in\/trekkingenindeold\/wp-content\/uploads\/2025\/03\/Lamayuru-Monastery1.jpg\"><img decoding=\"async\" data-id=\"425\" src=\"https:\/\/websitedesigninahmedabd.in\/trekkingenindeold\/wp-content\/uploads\/2025\/03\/Lamayuru-Monastery1-1024x635.jpg\" alt=\"Trekking au Ladakh - Voyage en Inde\" class=\"wp-image-425\"\/><\/a><\/figure>\n\n\n\n<figure class=\"wp-block-image size-large\"><a href=\"https:\/\/websitedesigninahmedabd.in\/trekkingenindeold\/wp-content\/uploads\/2025\/03\/Ladakh19.jpg\"><img loading=\"lazy\" decoding=\"async\" width=\"800\" height=\"533\" data-id=\"426\" src=\"https:\/\/websitedesigninahmedabd.in\/trekkingenindeold\/wp-content\/uploads\/2025\/03\/Ladakh19.jpg\" alt=\"D\u00e9couvrir Nubra au Ladakh \u2013 Vall\u00e9e, Monast\u00e8res &amp; Aventures - Voyage en Inde\" class=\"wp-image-426\"\/><\/a><figcaption class=\"wp-element-caption\">D\u00e9couvrir Nubra au Ladakh \u2013 Vall\u00e9e, Monast\u00e8res &amp; Aventures<\/figcaption><\/figure>\n\n\n\n<figure class=\"wp-block-image size-large\"><a href=\"https:\/\/websitedesigninahmedabd.in\/trekkingenindeold\/wp-content\/uploads\/2025\/03\/5Leh.jpg\"><img decoding=\"async\" data-id=\"424\" src=\"https:\/\/websitedesigninahmedabd.in\/trekkingenindeold\/wp-content\/uploads\/2025\/03\/5Leh-1024x683.jpg\" alt=\"Les gens du march\u00e9 indien de Leh Ladakh - Voyage en Inde\" class=\"wp-image-424\"\/><\/a><\/figure>\n\n\n\n<figure class=\"wp-block-image size-large\"><a href=\"https:\/\/websitedesigninahmedabd.in\/trekkingenindeold\/wp-content\/uploads\/2025\/03\/Hemis1.jpg\"><img loading=\"lazy\" decoding=\"async\" width=\"851\" height=\"568\" data-id=\"420\" src=\"https:\/\/websitedesigninahmedabd.in\/trekkingenindeold\/wp-content\/uploads\/2025\/03\/Hemis1.jpg\" alt=\"Trekking au Ladakh - Voyage en Inde\" class=\"wp-image-420\"\/><\/a><\/figure>\n\n\n\n<figure class=\"wp-block-image size-large\"><a href=\"https:\/\/websitedesigninahmedabd.in\/trekkingenindeold\/wp-content\/uploads\/2025\/03\/0.webp\"><img decoding=\"async\" data-id=\"418\" src=\"https:\/\/websitedesigninahmedabd.in\/trekkingenindeold\/wp-content\/uploads\/2025\/03\/0-1024x576.webp\" alt=\"Voyage au Ladakh \u2013 \u00c0 la d\u00e9couverte de la vall\u00e9e de l'Indus - Voyage en Inde\" class=\"wp-image-418\"\/><\/a><figcaption class=\"wp-element-caption\"><br>Voyage au Ladakh \u2013 \u00c0 la d\u00e9couverte de la vall\u00e9e de l&#8217;Indus<\/figcaption><\/figure>\n<\/figure>\n\n\n\n<p><\/p>\n","protected":false},"excerpt":{"rendered":"<p>Venez, vsiiter, explorer des aventures de trekking palpitantes au Ladakh, une r\u00e9gion riche qui offre des activit\u00e9 aventure, des monast\u00e8res de tapisserie, de grands royaumes de montagne et une flore et une faune exotiques de mani\u00e8re spectaculaire. Explorez nos itin\u00e9raires sur mesure qui vous m\u00e8neront \u00e0 de magnifiques merveilles de la nature et vous indiqueront [&hellip;]<\/p>\n","protected":false},"author":1,"featured_media":421,"parent":0,"menu_order":0,"comment_status":"closed","ping_status":"closed","template":"","meta":{"footnotes":""},"class_list":["post-565","page","type-page","status-publish","has-post-thumbnail","hentry"],"_links":{"self":[{"href":"https:\/\/trekkingeninde.com\/newsite\/wp-json\/wp\/v2\/pages\/565","targetHints":{"allow":["GET"]}}],"collection":[{"href":"https:\/\/trekkingeninde.com\/newsite\/wp-json\/wp\/v2\/pages"}],"about":[{"href":"https:\/\/trekkingeninde.com\/newsite\/wp-json\/wp\/v2\/types\/page"}],"author":[{"embeddable":true,"href":"https:\/\/trekkingeninde.com\/newsite\/wp-json\/wp\/v2\/users\/1"}],"replies":[{"embeddable":true,"href":"https:\/\/trekkingeninde.com\/newsite\/wp-json\/wp\/v2\/comments?post=565"}],"version-history":[{"count":3,"href":"https:\/\/trekkingeninde.com\/newsite\/wp-json\/wp\/v2\/pages\/565\/revisions"}],"predecessor-version":[{"id":6995,"href":"https:\/\/trekkingeninde.com\/newsite\/wp-json\/wp\/v2\/pages\/565\/revisions\/6995"}],"wp:featuredmedia":[{"embeddable":true,"href":"https:\/\/trekkingeninde.com\/newsite\/wp-json\/wp\/v2\/media\/421"}],"wp:attachment":[{"href":"https:\/\/trekkingeninde.com\/newsite\/wp-json\/wp\/v2\/media?parent=565"}],"curies":[{"name":"wp","href":"https:\/\/api.w.org\/{rel}","templated":true}]}}